{"id":21712,"date":"2026-08-24T12:15:40","date_gmt":"2026-08-24T10:15:40","guid":{"rendered":"https:\/\/opportunityday.se\/?page_id=21712"},"modified":"2026-08-25T12:09:12","modified_gmt":"2026-08-25T10:09:12","slug":"lediga-jobb","status":"publish","type":"page","link":"https:\/\/opportunityday.se\/en\/lediga-jobb\/","title":{"rendered":"Job vacancies"},"content":{"rendered":"<div data-elementor-type=\"wp-page\" data-elementor-id=\"21712\" class=\"elementor elementor-21712\">\n\t\t\t\t<div class=\"elementor-element elementor-element-18e212d e-flex e-con-boxed e-con e-parent\" data-id=\"18e212d\" data-element_type=\"container\" data-e-type=\"container\" data-settings=\"{&quot;background_background&quot;:&quot;classic&quot;}\">\n\t\t\t\t\t<div class=\"e-con-inner\">\n\t\t<div class=\"elementor-element elementor-element-e982e2a e-con-full e-flex e-con e-child\" data-id=\"e982e2a\" data-element_type=\"container\" data-e-type=\"container\">\n\t\t\t\t<div class=\"elementor-element elementor-element-80eeb11 elementor-widget__width-initial animated-slow elementor-widget-mobile__width-inherit elementor-widget elementor-widget-heading\" data-id=\"80eeb11\" data-element_type=\"widget\" data-e-type=\"widget\" data-settings=\"{&quot;_animation&quot;:&quot;none&quot;,&quot;_animation_delay&quot;:200}\" data-widget_type=\"heading.default\">\n\t\t\t\t<div class=\"elementor-widget-container\">\n\t\t\t\t\t<h2 class=\"elementor-heading-title elementor-size-default\">Vill du skapa en mer inkluderande arbetsmarknad?<\/h2>\t\t\t\t<\/div>\n\t\t\t\t<\/div>\n\t\t\t\t<\/div>\n\t\t\t\t\t<\/div>\n\t\t\t\t<\/div>\n\t\t<div class=\"elementor-element elementor-element-14aea77 e-flex e-con-boxed e-con e-parent\" data-id=\"14aea77\" data-element_type=\"container\" data-e-type=\"container\" data-settings=\"{&quot;background_background&quot;:&quot;classic&quot;}\">\n\t\t\t\t\t<div class=\"e-con-inner\">\n\t\t<div class=\"elementor-element elementor-element-e647242 e-con-full e-flex e-con e-child\" data-id=\"e647242\" data-element_type=\"container\" data-e-type=\"container\" data-settings=\"{&quot;background_background&quot;:&quot;classic&quot;}\">\n\t\t<div class=\"elementor-element elementor-element-e73e4d3 e-con-full e-flex e-con e-child\" data-id=\"e73e4d3\" data-element_type=\"container\" data-e-type=\"container\">\n\t\t\t\t<div class=\"elementor-element elementor-element-23e7ff6 animated-slow elementor-widget elementor-widget-text-editor\" data-id=\"23e7ff6\" data-element_type=\"widget\" data-e-type=\"widget\" data-settings=\"{&quot;_animation&quot;:&quot;none&quot;,&quot;_animation_delay&quot;:600}\" data-widget_type=\"text-editor.default\">\n\t\t\t\t<div class=\"elementor-widget-container\">\n\t\t\t\t\t\t\t\t\t<p>Available positions<\/p>\t\t\t\t\t\t\t\t<\/div>\n\t\t\t\t<\/div>\n\t\t\t\t<\/div>\n\t\t<div class=\"elementor-element elementor-element-b00581f e-con-full e-flex e-con e-child\" data-id=\"b00581f\" data-element_type=\"container\" data-e-type=\"container\">\n\t\t<div class=\"elementor-element elementor-element-5785511 e-con-full e-flex e-con e-child\" data-id=\"5785511\" data-element_type=\"container\" data-e-type=\"container\">\n\t\t\t\t<div class=\"elementor-element elementor-element-a3a6e15 animated-slow elementor-widget__width-initial elementor-widget elementor-widget-text-editor\" data-id=\"a3a6e15\" data-element_type=\"widget\" data-e-type=\"widget\" data-settings=\"{&quot;_animation&quot;:&quot;none&quot;,&quot;_animation_delay&quot;:600}\" data-widget_type=\"text-editor.default\">\n\t\t\t\t<div class=\"elementor-widget-container\">\n\t\t\t\t\t\t\t\t\t<p>Partner- och Programansvarig \u2013 Arbetsmarknad och D&amp;I<\/p>\t\t\t\t\t\t\t\t<\/div>\n\t\t\t\t<\/div>\n\t\t\t\t<div class=\"elementor-element elementor-element-82f427f animated-slow elementor-widget elementor-widget-text-editor\" data-id=\"82f427f\" data-element_type=\"widget\" data-e-type=\"widget\" data-settings=\"{&quot;_animation&quot;:&quot;none&quot;,&quot;_animation_delay&quot;:600}\" data-widget_type=\"text-editor.default\">\n\t\t\t\t<div class=\"elementor-widget-container\">\n\t\t\t\t\t\t\t\t\t<p>Opportunity Day befinner sig i en sp\u00e4nnande utvecklingsfas. Nu s\u00f6ker vi dig med entrepren\u00f6rsanda som vill vara med och forma v\u00e5r framtid.<\/p><p>Vi s\u00f6ker inte bara en medarbetare \u2013 vi s\u00f6ker en resultatinriktad person som vill bli en av de drivande krafterna bakom v\u00e5r fortsatta utveckling. N\u00e5gon som har djup kunskap inom m\u00e5ngfald, inkludering (D&amp;I) och arbetsmarknadsfr\u00e5gor, men som ocks\u00e5 \u00e4r aff\u00e4rsorienterad, bygger relationer och vill oms\u00e4tta id\u00e9er till konkreta resultat&#8230;<\/p>\t\t\t\t\t\t\t\t<\/div>\n\t\t\t\t<\/div>\n\t\t\t\t<div class=\"elementor-element elementor-element-b45f838 elementor-align-justify animated-fast elementor-mobile-align-justify elementor-widget-mobile__width-initial elementor-widget__width-initial elementor-invisible elementor-widget elementor-widget-button\" data-id=\"b45f838\" data-element_type=\"widget\" data-e-type=\"widget\" data-settings=\"{&quot;_animation&quot;:&quot;fadeInDown&quot;,&quot;_animation_delay&quot;:500}\" data-widget_type=\"button.default\">\n\t\t\t\t<div class=\"elementor-widget-container\">\n\t\t\t\t\t\t\t\t\t<div class=\"elementor-button-wrapper\">\n\t\t\t\t\t<a class=\"elementor-button elementor-button-link elementor-size-lg elementor-animation-wobble-vertical\" href=\"https:\/\/www.selectexecutivesearch.se\/pnty_job\/286-partner-och-programansvarig-arbetsmarknad-och-d-i\/\">\n\t\t\t\t\t\t<span class=\"elementor-button-content-wrapper\">\n\t\t\t\t\t\t\t\t\t<span class=\"elementor-button-text\">L\u00e4s mer och ans\u00f6ka<\/span>\n\t\t\t\t\t<\/span>\n\t\t\t\t\t<\/a>\n\t\t\t\t<\/div>\n\t\t\t\t\t\t\t\t<\/div>\n\t\t\t\t<\/div>\n\t\t\t\t<\/div>\n\t\t<div class=\"elementor-element elementor-element-3878cf1 e-con-full e-flex e-con e-child\" data-id=\"3878cf1\" data-element_type=\"container\" data-e-type=\"container\">\n\t\t\t\t<div class=\"elementor-element elementor-element-cc7435e elementor-widget elementor-widget-image\" data-id=\"cc7435e\" data-element_type=\"widget\" data-e-type=\"widget\" data-widget_type=\"image.default\">\n\t\t\t\t<div class=\"elementor-widget-container\">\n\t\t\t\t\t\t\t\t\t\t\t\t\t\t\t<img loading=\"lazy\" decoding=\"async\" width=\"800\" height=\"600\" src=\"https:\/\/opportunityday.se\/wp-content\/uploads\/2024\/06\/IMG_2197-1024x768.jpg\" class=\"attachment-large size-large wp-image-13073\" alt=\"\" srcset=\"https:\/\/opportunityday.se\/wp-content\/uploads\/2024\/06\/IMG_2197-1024x768.jpg 1024w, https:\/\/opportunityday.se\/wp-content\/uploads\/2024\/06\/IMG_2197-300x225.jpg 300w, https:\/\/opportunityday.se\/wp-content\/uploads\/2024\/06\/IMG_2197-768x576.jpg 768w, https:\/\/opportunityday.se\/wp-content\/uploads\/2024\/06\/IMG_2197-1536x1152.jpg 1536w, https:\/\/opportunityday.se\/wp-content\/uploads\/2024\/06\/IMG_2197-2048x1536.jpg 2048w, https:\/\/opportunityday.se\/wp-content\/uploads\/2024\/06\/IMG_2197-16x12.jpg 16w\" sizes=\"auto, (max-width: 800px) 100vw, 800px\" \/>\t\t\t\t\t\t\t\t\t\t\t\t\t\t\t<\/div>\n\t\t\t\t<\/div>\n\t\t\t\t<\/div>\n\t\t\t\t<\/div>\n\t\t\t\t<\/div>\n\t\t\t\t\t<\/div>\n\t\t\t\t<\/div>\n\t\t\t\t<\/div>","protected":false},"excerpt":{"rendered":"<p>Vill du skapa en mer inkluderande arbetsmarknad? Lediga tj\u00e4nster Partner- och Programansvarig \u2013 Arbetsmarknad och D&amp;I Opportunity Day befinner sig i en sp\u00e4nnande utvecklingsfas. Nu s\u00f6ker vi dig med entrepren\u00f6rsanda som vill vara med och forma v\u00e5r framtid. Vi s\u00f6ker inte bara en medarbetare \u2013 vi s\u00f6ker en resultatinriktad person som vill bli en av [&hellip;]<\/p>\n","protected":false},"author":1,"featured_media":0,"parent":0,"menu_order":0,"comment_status":"closed","ping_status":"closed","template":"elementor_header_footer","meta":{"footnotes":""},"class_list":["post-21712","page","type-page","status-publish","hentry"],"_links":{"self":[{"href":"https:\/\/opportunityday.se\/en\/wp-json\/wp\/v2\/pages\/21712","targetHints":{"allow":["GET"]}}],"collection":[{"href":"https:\/\/opportunityday.se\/en\/wp-json\/wp\/v2\/pages"}],"about":[{"href":"https:\/\/opportunityday.se\/en\/wp-json\/wp\/v2\/types\/page"}],"author":[{"embeddable":true,"href":"https:\/\/opportunityday.se\/en\/wp-json\/wp\/v2\/users\/1"}],"replies":[{"embeddable":true,"href":"https:\/\/opportunityday.se\/en\/wp-json\/wp\/v2\/comments?post=21712"}],"version-history":[{"count":46,"href":"https:\/\/opportunityday.se\/en\/wp-json\/wp\/v2\/pages\/21712\/revisions"}],"predecessor-version":[{"id":21772,"href":"https:\/\/opportunityday.se\/en\/wp-json\/wp\/v2\/pages\/21712\/revisions\/21772"}],"wp:attachment":[{"href":"https:\/\/opportunityday.se\/en\/wp-json\/wp\/v2\/media?parent=21712"}],"curies":[{"name":"wp","href":"https:\/\/api.w.org\/{rel}","templated":true}]}}

<div data-elementor-type="wp-page" data-elementor-id="21712" class="elementor elementor-21712">
				<div class="elementor-element elementor-element-18e212d e-flex e-con-boxed e-con e-parent" data-id="18e212d" data-element_type="container" data-e-type="container" data-settings="{&quot;background_background&quot;:&quot;classic&quot;}">
					<div class="e-con-inner">
		<div class="elementor-element elementor-element-e982e2a e-con-full e-flex e-con e-child" data-id="e982e2a" data-element_type="container" data-e-type="container">
				<div class="elementor-element elementor-element-80eeb11 elementor-widget__width-initial animated-slow elementor-widget-mobile__width-inherit elementor-widget elementor-widget-heading" data-id="80eeb11" data-element_type="widget" data-e-type="widget" data-settings="{&quot;_animation&quot;:&quot;none&quot;,&quot;_animation_delay&quot;:200}" data-widget_type="heading.default">
				<div class="elementor-widget-container">
					<h2 class="elementor-heading-title elementor-size-default">Vill du skapa en mer inkluderande arbetsmarknad?</h2>				</div>
				</div>
				</div>
					</div>
				</div>
		<div class="elementor-element elementor-element-14aea77 e-flex e-con-boxed e-con e-parent" data-id="14aea77" data-element_type="container" data-e-type="container" data-settings="{&quot;background_background&quot;:&quot;classic&quot;}">
					<div class="e-con-inner">
		<div class="elementor-element elementor-element-e647242 e-con-full e-flex e-con e-child" data-id="e647242" data-element_type="container" data-e-type="container" data-settings="{&quot;background_background&quot;:&quot;classic&quot;}">
		<div class="elementor-element elementor-element-e73e4d3 e-con-full e-flex e-con e-child" data-id="e73e4d3" data-element_type="container" data-e-type="container">
				<div class="elementor-element elementor-element-23e7ff6 animated-slow elementor-widget elementor-widget-text-editor" data-id="23e7ff6" data-element_type="widget" data-e-type="widget" data-settings="{&quot;_animation&quot;:&quot;none&quot;,&quot;_animation_delay&quot;:600}" data-widget_type="text-editor.default">
				<div class="elementor-widget-container">
									<p>Available positions</p>								</div>
				</div>
				</div>
		<div class="elementor-element elementor-element-b00581f e-con-full e-flex e-con e-child" data-id="b00581f" data-element_type="container" data-e-type="container">
		<div class="elementor-element elementor-element-5785511 e-con-full e-flex e-con e-child" data-id="5785511" data-element_type="container" data-e-type="container">
				<div class="elementor-element elementor-element-a3a6e15 animated-slow elementor-widget__width-initial elementor-widget elementor-widget-text-editor" data-id="a3a6e15" data-element_type="widget" data-e-type="widget" data-settings="{&quot;_animation&quot;:&quot;none&quot;,&quot;_animation_delay&quot;:600}" data-widget_type="text-editor.default">
				<div class="elementor-widget-container">
									<p>Partner- och Programansvarig – Arbetsmarknad och D&amp;I</p>								</div>
				</div>
				<div class="elementor-element elementor-element-82f427f animated-slow elementor-widget elementor-widget-text-editor" data-id="82f427f" data-element_type="widget" data-e-type="widget" data-settings="{&quot;_animation&quot;:&quot;none&quot;,&quot;_animation_delay&quot;:600}" data-widget_type="text-editor.default">
				<div class="elementor-widget-container">
									<p>Opportunity Day befinner sig i en spännande utvecklingsfas. Nu söker vi dig med entreprenörsanda som vill vara med och forma vår framtid.</p><p>Vi söker inte bara en medarbetare – vi söker en resultatinriktad person som vill bli en av de drivande krafterna bakom vår fortsatta utveckling. Någon som har djup kunskap inom mångfald, inkludering (D&amp;I) och arbetsmarknadsfrågor, men som också är affärsorienterad, bygger relationer och vill omsätta idéer till konkreta resultat&#8230;</p>								</div>
				</div>
				<div class="elementor-element elementor-element-b45f838 elementor-align-justify animated-fast elementor-mobile-align-justify elementor-widget-mobile__width-initial elementor-widget__width-initial elementor-invisible elementor-widget elementor-widget-button" data-id="b45f838" data-element_type="widget" data-e-type="widget" data-settings="{&quot;_animation&quot;:&quot;fadeInDown&quot;,&quot;_animation_delay&quot;:500}" data-widget_type="button.default">
				<div class="elementor-widget-container">
									<div class="elementor-button-wrapper">
					<a class="elementor-button elementor-button-link elementor-size-lg elementor-animation-wobble-vertical" href="https://www.selectexecutivesearch.se/pnty_job/286-partner-och-programansvarig-arbetsmarknad-och-d-i/">
						<span class="elementor-button-content-wrapper">
									<span class="elementor-button-text">Läs mer och ansöka</span>
					</span>
					</a>
				</div>
								</div>
				</div>
				</div>
		<div class="elementor-element elementor-element-3878cf1 e-con-full e-flex e-con e-child" data-id="3878cf1" data-element_type="container" data-e-type="container">
				<div class="elementor-element elementor-element-cc7435e elementor-widget elementor-widget-image" data-id="cc7435e" data-element_type="widget" data-e-type="widget" data-widget_type="image.default">
				<div class="elementor-widget-container">
															<img loading="lazy" decoding="async" width="800" height="600" src="https://opportunityday.se/wp-content/uploads/2024/06/IMG_2197-1024x768.jpg" class="attachment-large size-large wp-image-13073" alt="" srcset="https://opportunityday.se/wp-content/uploads/2024/06/IMG_2197-1024x768.jpg 1024w, https://opportunityday.se/wp-content/uploads/2024/06/IMG_2197-300x225.jpg 300w, https://opportunityday.se/wp-content/uploads/2024/06/IMG_2197-768x576.jpg 768w, https://opportunityday.se/wp-content/uploads/2024/06/IMG_2197-1536x1152.jpg 1536w, https://opportunityday.se/wp-content/uploads/2024/06/IMG_2197-2048x1536.jpg 2048w, https://opportunityday.se/wp-content/uploads/2024/06/IMG_2197-16x12.jpg 16w" sizes="auto, (max-width: 800px) 100vw, 800px" />															</div>
				</div>
				</div>
				</div>
				</div>
					</div>
				</div>
				</div>

<p>Vill du skapa en mer inkluderande arbetsmarknad? Lediga tjänster Partner- och Programansvarig – Arbetsmarknad och D&amp;I Opportunity Day befinner sig i en spännande utvecklingsfas. Nu söker vi dig med entreprenörsanda som vill vara med och forma vår framtid. Vi söker inte bara en medarbetare – vi söker en resultatinriktad person som vill bli en av [&hellip;]</p>
